{"id":306,"date":"2020-12-15T09:55:35","date_gmt":"2020-12-15T12:55:35","guid":{"rendered":"http:\/\/www.portalmiradouro.com.br\/site\/?page_id=306"},"modified":"2021-02-03T08:22:11","modified_gmt":"2021-02-03T11:22:11","slug":"sala-de-imprensa","status":"publish","type":"page","link":"https:\/\/www.portalmiradouro.com.br\/site\/sala-de-imprensa\/","title":{"rendered":"Sala de Imprensa"},"content":{"rendered":"<p><span style=\"color: #000000;\">Telefone de contato com a reda\u00e7\u00e3o do Portal Miradouro<\/span><\/p>\n<p><span style=\"color: #000000;\">32 9 9821 7299 &#8211; Whatsapp<\/span><\/p>\n<p><span style=\"color: #000000;\">E-mail de contato com nossa reda\u00e7\u00e3o:<\/span><\/p>\n<p><span style=\"color: #000000;\"><a style=\"color: #000000;\" href=\"mailto:portalmiradouro@gmail.com\">portalmiradouro@gmail.com<\/a><\/span><\/p>\n<p><span style=\"color: #000000;\">Siga-nos nas redes sociais:<\/span><\/p>\n<p><span style=\"color: #000000;\">Facebook &#8211; <a style=\"color: #000000;\" href=\"https:\/\/www.facebook.com\/Portalmiradouro.com.br\">https:\/\/www.facebook.com\/Portalmiradouro.com.br<\/a><\/span><\/p>\n<p><span style=\"color: #000000;\">Instagram &#8211; <a style=\"color: #000000;\" href=\"https:\/\/www.instagram.com\/portalmiradouro\/\">https:\/\/www.instagram.com\/portalmiradouro\/<\/a><\/span><\/p>\n<p><span style=\"color: #000000;\">You Tube &#8211; <a style=\"color: #000000;\" href=\"https:\/\/www.youtube.com\/c\/PORTALTVportalmiradouro\/featured\">https:\/\/www.youtube.com\/c\/PORTALTVportalmiradouro\/featured<\/a><\/span><\/p>\n<p><span style=\"color: #000000;\">Portal Miradouro &#8211; O seu portal de not\u00edcias<\/span><\/p>\n<p style=\"text-align: center;\"><script data-ad-client=\"ca-pub-1791235013708348\" async src=\"https:\/\/pagead2.googlesyndication.com\/pagead\/js\/adsbygoogle.js\"><\/script><\/p>\n","protected":false},"excerpt":{"rendered":"<p>Telefone de contato com a reda\u00e7\u00e3o do Portal Miradouro 32 9 9821 7299 &#8211; Whatsapp E-mail de contato com nossa reda\u00e7\u00e3o: portalmiradouro@gmail.com Siga-nos nas redes sociais: Facebook &#8211; https:\/\/www.facebook.com\/Portalmiradouro.com.br Instagram &#8211; https:\/\/www.instagram.com\/portalmiradouro\/ You Tube &#8211; https:\/\/www.youtube.com\/c\/PORTALTVportalmiradouro\/featured Portal Miradouro &#8211; O seu portal de not\u00edcias<\/p>\n","protected":false},"author":1,"featured_media":0,"parent":0,"menu_order":0,"comment_status":"closed","ping_status":"closed","template":"","meta":{"advgb_blocks_editor_width":"","advgb_blocks_columns_visual_guide":""},"yoast_head":"<!-- This site is optimized with the Yoast SEO plugin v17.7.1 - https:\/\/yoast.com\/wordpress\/plugins\/seo\/ -->\n<title>Sala de Imprensa - Portal Miradouro<\/title>\n<meta name=\"robots\" content=\"index, follow, max-snippet:-1, max-image-preview:large, max-video-preview:-1\" \/>\n<link rel=\"canonical\" href=\"https:\/\/www.portalmiradouro.com.br\/site\/sala-de-imprensa\/\" \/>\n<meta property=\"og:locale\" content=\"pt_BR\" \/>\n<meta property=\"og:type\" content=\"article\" \/>\n<meta property=\"og:title\" content=\"Sala de Imprensa - Portal Miradouro\" \/>\n<meta property=\"og:description\" content=\"Telefone de contato com a reda\u00e7\u00e3o do Portal Miradouro 32 9 9821 7299 &#8211; Whatsapp E-mail de contato com nossa reda\u00e7\u00e3o: portalmiradouro@gmail.com Siga-nos nas redes sociais: Facebook &#8211; https:\/\/www.facebook.com\/Portalmiradouro.com.br Instagram &#8211; https:\/\/www.instagram.com\/portalmiradouro\/ You Tube &#8211; https:\/\/www.youtube.com\/c\/PORTALTVportalmiradouro\/featured Portal Miradouro &#8211; O seu portal de not\u00edcias\" \/>\n<meta property=\"og:url\" content=\"https:\/\/www.portalmiradouro.com.br\/site\/sala-de-imprensa\/\" \/>\n<meta property=\"og:site_name\" content=\"Portal Miradouro\" \/>\n<meta property=\"article:publisher\" content=\"https:\/\/www.facebook.com\/portalmiradouro2020\" \/>\n<meta property=\"article:modified_time\" content=\"2021-02-03T11:22:11+00:00\" \/>\n<meta property=\"og:image\" content=\"https:\/\/www.portalmiradouro.com.br\/site\/wp-content\/uploads\/2021\/07\/019.jpeg\" \/>\n\t<meta property=\"og:image:width\" content=\"720\" \/>\n\t<meta property=\"og:image:height\" content=\"480\" \/>\n<meta name=\"twitter:card\" content=\"summary_large_image\" \/>\n<script type=\"application\/ld+json\" class=\"yoast-schema-graph\">{\"@context\":\"https:\/\/schema.org\",\"@graph\":[{\"@type\":\"WebSite\",\"@id\":\"https:\/\/www.portalmiradouro.com.br\/site\/#website\",\"url\":\"https:\/\/www.portalmiradouro.com.br\/site\/\",\"name\":\"Portal Miradouro\",\"description\":\"O seu portal de not\\u00edcias\",\"potentialAction\":[{\"@type\":\"SearchAction\",\"target\":{\"@type\":\"EntryPoint\",\"urlTemplate\":\"https:\/\/www.portalmiradouro.com.br\/site\/?s={search_term_string}\"},\"query-input\":\"required name=search_term_string\"}],\"inLanguage\":\"pt-BR\"},{\"@type\":\"WebPage\",\"@id\":\"https:\/\/www.portalmiradouro.com.br\/site\/sala-de-imprensa\/#webpage\",\"url\":\"https:\/\/www.portalmiradouro.com.br\/site\/sala-de-imprensa\/\",\"name\":\"Sala de Imprensa - Portal Miradouro\",\"isPartOf\":{\"@id\":\"https:\/\/www.portalmiradouro.com.br\/site\/#website\"},\"datePublished\":\"2020-12-15T12:55:35+00:00\",\"dateModified\":\"2021-02-03T11:22:11+00:00\",\"breadcrumb\":{\"@id\":\"https:\/\/www.portalmiradouro.com.br\/site\/sala-de-imprensa\/#breadcrumb\"},\"inLanguage\":\"pt-BR\",\"potentialAction\":[{\"@type\":\"ReadAction\",\"target\":[\"https:\/\/www.portalmiradouro.com.br\/site\/sala-de-imprensa\/\"]}]},{\"@type\":\"BreadcrumbList\",\"@id\":\"https:\/\/www.portalmiradouro.com.br\/site\/sala-de-imprensa\/#breadcrumb\",\"itemListElement\":[{\"@type\":\"ListItem\",\"position\":1,\"name\":\"Home\",\"item\":\"https:\/\/www.portalmiradouro.com.br\/site\/\"},{\"@type\":\"ListItem\",\"position\":2,\"name\":\"Sala de Imprensa\"}]}]}<\/script>\n<!-- \/ Yoast SEO plugin. -->","yoast_head_json":{"title":"Sala de Imprensa - Portal Miradouro","robots":{"index":"index","follow":"follow","max-snippet":"max-snippet:-1","max-image-preview":"max-image-preview:large","max-video-preview":"max-video-preview:-1"},"canonical":"https:\/\/www.portalmiradouro.com.br\/site\/sala-de-imprensa\/","og_locale":"pt_BR","og_type":"article","og_title":"Sala de Imprensa - Portal Miradouro","og_description":"Telefone de contato com a reda\u00e7\u00e3o do Portal Miradouro 32 9 9821 7299 &#8211; Whatsapp E-mail de contato com nossa reda\u00e7\u00e3o: portalmiradouro@gmail.com Siga-nos nas redes sociais: Facebook &#8211; https:\/\/www.facebook.com\/Portalmiradouro.com.br Instagram &#8211; https:\/\/www.instagram.com\/portalmiradouro\/ You Tube &#8211; https:\/\/www.youtube.com\/c\/PORTALTVportalmiradouro\/featured Portal Miradouro &#8211; O seu portal de not\u00edcias","og_url":"https:\/\/www.portalmiradouro.com.br\/site\/sala-de-imprensa\/","og_site_name":"Portal Miradouro","article_publisher":"https:\/\/www.facebook.com\/portalmiradouro2020","article_modified_time":"2021-02-03T11:22:11+00:00","og_image":[{"width":720,"height":480,"url":"https:\/\/www.portalmiradouro.com.br\/site\/wp-content\/uploads\/2021\/07\/019.jpeg","type":"image\/jpeg"}],"twitter_card":"summary_large_image","schema":{"@context":"https:\/\/schema.org","@graph":[{"@type":"WebSite","@id":"https:\/\/www.portalmiradouro.com.br\/site\/#website","url":"https:\/\/www.portalmiradouro.com.br\/site\/","name":"Portal Miradouro","description":"O seu portal de not\u00edcias","potentialAction":[{"@type":"SearchAction","target":{"@type":"EntryPoint","urlTemplate":"https:\/\/www.portalmiradouro.com.br\/site\/?s={search_term_string}"},"query-input":"required name=search_term_string"}],"inLanguage":"pt-BR"},{"@type":"WebPage","@id":"https:\/\/www.portalmiradouro.com.br\/site\/sala-de-imprensa\/#webpage","url":"https:\/\/www.portalmiradouro.com.br\/site\/sala-de-imprensa\/","name":"Sala de Imprensa - Portal Miradouro","isPartOf":{"@id":"https:\/\/www.portalmiradouro.com.br\/site\/#website"},"datePublished":"2020-12-15T12:55:35+00:00","dateModified":"2021-02-03T11:22:11+00:00","breadcrumb":{"@id":"https:\/\/www.portalmiradouro.com.br\/site\/sala-de-imprensa\/#breadcrumb"},"inLanguage":"pt-BR","potentialAction":[{"@type":"ReadAction","target":["https:\/\/www.portalmiradouro.com.br\/site\/sala-de-imprensa\/"]}]},{"@type":"BreadcrumbList","@id":"https:\/\/www.portalmiradouro.com.br\/site\/sala-de-imprensa\/#breadcrumb","itemListElement":[{"@type":"ListItem","position":1,"name":"Home","item":"https:\/\/www.portalmiradouro.com.br\/site\/"},{"@type":"ListItem","position":2,"name":"Sala de Imprensa"}]}]}},"coauthors":[],"author_meta":{"author_link":"https:\/\/www.portalmiradouro.com.br\/site\/author\/universo\/","display_name":"universo"},"relative_dates":{"created":"Posted 5 anos ago","modified":"Updated 5 anos ago"},"absolute_dates":{"created":"Posted on 15 de dezembro de 2020","modified":"Updated on 3 de fevereiro de 2021"},"absolute_dates_time":{"created":"Posted on 15 de dezembro de 2020 09:55","modified":"Updated on 3 de fevereiro de 2021 08:22"},"featured_img_caption":"","featured_img":false,"_links":{"self":[{"href":"https:\/\/www.portalmiradouro.com.br\/site\/wp-json\/wp\/v2\/pages\/306"}],"collection":[{"href":"https:\/\/www.portalmiradouro.com.br\/site\/wp-json\/wp\/v2\/pages"}],"about":[{"href":"https:\/\/www.portalmiradouro.com.br\/site\/wp-json\/wp\/v2\/types\/page"}],"author":[{"embeddable":true,"href":"https:\/\/www.portalmiradouro.com.br\/site\/wp-json\/wp\/v2\/users\/1"}],"replies":[{"embeddable":true,"href":"https:\/\/www.portalmiradouro.com.br\/site\/wp-json\/wp\/v2\/comments?post=306"}],"version-history":[{"count":5,"href":"https:\/\/www.portalmiradouro.com.br\/site\/wp-json\/wp\/v2\/pages\/306\/revisions"}],"predecessor-version":[{"id":2273,"href":"https:\/\/www.portalmiradouro.com.br\/site\/wp-json\/wp\/v2\/pages\/306\/revisions\/2273"}],"wp:attachment":[{"href":"https:\/\/www.portalmiradouro.com.br\/site\/wp-json\/wp\/v2\/media?parent=306"}],"curies":[{"name":"wp","href":"https:\/\/api.w.org\/{rel}","templated":true}]}}